
-9
Let y(k) = -96 - 12*k - 10*k - 7*k - 49. Determine y(-5).
0
Suppose 6*m + 4 = 4*m. Let j(r) be the third derivative of r**6/360 + r**5/60 + r**4/12 + r**3/3 - 7*r**2. Let b(k) be the first derivative of j(k). Give b(m).
2
Let b(i) be the first derivative of i**2/2 + 7*i - 2677. What is b(24)?
31
Let x be (-3 - -2) + 5 - (-1 + -2). Let h(y) = 4*y - 16. Let a be h(x). Suppose 16 = -4*q + a*q. Let g(o) = -o**3 - o**2 + 2*o + 1. Calculate g(q).
-7
Let p(b) = -b**3 - 21*b**2 + 2*b + 20. Let a be p(-21). Let v be (((-45)/6)/1)/(11/a). Let j(z) = z**2 - 15*z + 6. Calculate j(v).
6
Let d(z) = -z**2 - 5*z**2 - 9*z**2 - 5*z**2 + 22 + 21*z**2 - 6*z. Give d(7).
29
Let o(v) = -37*v + 1194. Let y be o(32). Let w(i) = -i**3 + 9*i**2 + 6*i. Calculate w(y).
-40
Let t = -181 - -185. Let v(j) = 2*j - 7. Let z(p) = -p - 1. Let q(y) = -v(y) - z(y). What is q(t)?
4
Let t(c) = -2*c - 18. Suppose 57*m - 359*m = 146 - 1354. Calculate t(m).
-26
Let v be (-1)/((-4)/5 + 1). Let z(p) = 2*p - 20*p - 3 + 17*p. Give z(v).
2
Suppose 2*m = -3*m + 20. Let s(t) = 4 + 3 - m*t - 6. Let a = 288 - 289. What is s(a)?
5
Let r(a) = -3*a - 6. Suppose -3 = -4*t + 3*s, 2 = -2*t - 5*s + 3*s. Suppose 10*j + 50 + t = 0. Calculate r(j).
9
Let j be 20 - (2 - (-3 + 7 + -4)). Suppose 5*z = 3*p + 19, -9*z + 11*z + 4*p - j = 0. Let g(d) = d**3 - 4*d**2 - 4*d + 6. Determine g(z).
11
Let r(n) be the third derivative of -5*n**4/24 + 4*n**3/3 - 2*n**2. Let x = 114 + -110. Let l(c) = 6*c - 8. Let w(f) = x*l(f) + 5*r(f). Determine w(9).
-1
Let r(c) = -c**3 + 5*c**2 + 2*c + 2. Suppose -21*l = -0*l - 1134. Let n = l + -48. Give r(n).
-22
Let o be 2/(-4) + (-306)/36. Let c(r) = 15*r - 3 - 53*r + 15*r + 21*r. Give c(o).
15
Let c = 51 - 47. Suppose -w + 2*v = 2, 4*w + c*v = 5*w + 6. Let n(g) = 76*g**2 + 76*g**2 - 153*g**w - 9 - 7*g. Give n(-6).
-3
Suppose l + 4*l + 30 = 0. Let o(w) be the second derivative of -2/3*w**3 - 77*w - 9/2*w**2 + 0. Determine o(l).
15
Let a(w) = -252*w**2 - 62 + 128*w**2 + 137*w**2 + w**3 - 17*w + 9. Calculate a(-14).
-11
Let z = -1989 - -1990. Let y(o) = 16*o - 4. Give y(z).
12
Suppose 6*o = 17 + 271. Suppose o - 44 = 4*f. Let j(l) = -3*l**3 - 2*l**2 + l. Determine j(f).
-4
Suppose 134 = -7*d + 799. Let b(f) = -13*f + 12*f - d*f**2 + 91*f**2 - 1. What is b(-1)?
-4
Suppose 2*t + 23 - 31 = 0. Let s(r) = -42*r**2 - 2 + 10*r + 4*r**2 + 32*r**2 + r**3. Give s(t).
6
Suppose 5*c - 3*r - 20 = 0, -4*c + 18 = -82*r + 80*r. Let k(p) = -18*p + 105. Give k(c).
-21
Let o(u) be the third derivative of 0 + 14/3*u**3 + 0*u - 299*u**2 + 1/60*u**5 - 2/3*u**4. Calculate o(14).
0
Suppose s = -4*n + 219, -3*s = 4*n + 128 - 337. Let a(v) = 2*v + 55 - n - v - 3*v. What is a(7)?
-15
Let j(s) = -3*s**2 + 13*s + 2*s**2 + 2*s**2 - 6*s - 7. Let p be 840/56*(-8)/5. Let m be ((-9)/(-4))/(9/p). Give j(m).
-13
Let w(h) = -h**3 + 4*h**2 - 4*h + 17. Let x be w(4). Let o(m) = -213*m**2 + x + 3*m**3 + 217*m**2 - 2*m**3 - 6. Determine o(-3).
4
Let a(x) = 21*x - 126. Let t be 1900/323 - 2/(-17). Let o be a(t). Let h(p) = p**2 + 5. Calculate h(o).
5
Suppose -730*y + 50*y + 1178 = -91*y. Let k(t) be the first derivative of t**4/4 + 2*t**3/3 - t**2 - t + 1. Calculate k(y).
11
Let w(p) = -16*p + 168. Let n be w(11). Let s(h) = -8*h**2 + h + 7. Let c(v) = 23*v**2 - 3*v - 20. Let b(r) = n*s(r) - 3*c(r). Give b(3).
-38
Let a(c) be the third derivative of -c**4/24 - 3*c**3 + c**2 + 81. Determine a(-17).
-1
Let y be (9 - (-312)/(-36)) + (-66)/9 - -8. Let x(q) = -5*q**3 - 2*q**2 - 6*q + 7. Determine x(y).
-6
Let b(p) be the third derivative of p**6/360 - 13*p**5/120 - 205*p**4/24 + 31*p**2. Let i(v) be the second derivative of b(v). Calculate i(-9).
-31
Suppose -5*s + 80 = -4*x, -3*x + 65 = 4*s - 6*x. Suppose -21*v + s*v + 18 = 3*y, -y = 3*v - 6. Let f(q) = 2*q + 1. What is f(y)?
13
Let r(y) = 11*y**3 - 2*y**2 - y + 1. Let v(b) = -2*b**3 + 10*b**2 + 2*b - 11. Let u be v(5). Calculate r(u).
-11
Let h(l) = l - 1. Suppose -5*s = 2*g + 2*g + 119, 0 = -s + 5. Suppose -6*p = -p - 210. Let t = p + g. What is h(t)?
5
Let l(j) = -j**3 + 13*j**2 - 2*j + 3. Let u(a) = a**3 + 45*a**2 - 143*a + 61. Let i be u(-48). Determine l(i).
-23
Suppose -u = -2*u. Let b(f) be the first derivative of -f**4/4 + f**2 - 4*f + 53434. Give b(u).
-4
Let g(z) = -z + 4. Let t(i) = 4*i. Let r be t(6). Let m = 38 - r. Suppose f = m - 5. Give g(f).
-5
Let h(l) = -2 - 2*l - 5 + 2 + 2. Let b be (-1)/5 + 150/125. What is h(b)?
-5
Let x(p) = p**2 - 480*p**3 + 19*p - p**2 + 242*p**3 - 4*p**2 + 237*p**3 - 4. Give x(-7).
10
Let y(s) = s**2 + 10*s + 4. Let h be (-3)/1*(-4)/12*1. Let o be h/(-1*(-1)/23). Suppose -j = -o + 32. Give y(j).
-5
Let x be -1 + 4/12 + 1/(-3). Let a be (154/(-4))/x*-2. Let j = 75 + a. Let w(b) = -2*b + 1. Determine w(j).
5
Suppose -4*x - 5 = -41. Let a(j) = 5*j**3 + 8*j - 3*j**3 - j**3 + x*j**2. Let n(r) = -r - 23. Let h be n(-15). Calculate a(h).
0
Let r(z) = 9*z**2 + 53*z**3 - 24*z**3 + 1 + 15*z - 30*z**3 - 11*z. What is r(9)?
37
Suppose -4*m = -2*r - 42, 2*m - 61 + 42 = -r. Let t(i) = -i**3 + 10*i**2 - 5*i - 7. Give t(m).
-57
Let w(h) = 25*h - 14. Let f = -9021 + 9022. What is w(f)?
11
Let m(y) be the second derivative of y**5/20 + 7*y**4/12 - 3*y**3/2 - 19*y**2/2 - 8*y + 32. Calculate m(-8).
-11
Suppose 6*s = 67 + 89. Suppose 3*c = j - s, 6 = 4*j - 14. Let a(b) be the second derivative of b**4/12 + 11*b**3/6 + 5*b**2 - 2*b - 126. Give a(c).
-18
Let l(x) = -9*x**3 + 57*x**2 + 16*x - 2. Let d(t) = 8*t**3 - 45*t**2 - 14*t + 2. Let m(f) = -6*d(f) - 5*l(f). Give m(-5).
-22
Let p(o) = 4*o - 1. Suppose -4*r - 9*l + 6*l = -34, 3*r = 4*l + 38. Let s be (-9)/6 + r*(-6)/(-120). Give p(s).
-5
Let a(v) be the third derivative of -v**6/120 - v**5/6 + 5*v**4/12 + 3*v**3 + 105*v**2 + 1. Give a(-11).
29
Let w(k) = k**3 + 11*k**2 + 10*k - 4. Let g(p) = -2*p + 13. Let i be g(15). Let l = i + 7. Give w(l).
-4
Let t(k) = -k**2 - 7*k - 5. Let b(i) = i**2 + i + 7. Let d(s) = -2*s**2 - 7. Let g(o) = -3*b(o) - 2*d(o). Suppose -2*p = -5*p - 3*p. Let n be g(p). Give t(n).
-5
Let h(m) be the first derivative of -m**2/2 + 11*m - 1. Let p = -84 - -86. Suppose 3*y + 4 = 1, -11 = -p*x - 3*y. Determine h(x).
4
Let q(m) = -6*m - 9 + m + 2*m. Suppose -5*r = 11*w - 8*w - 9, w - 3 = 3*r. Suppose -w*t + 0*t - 18 = 0. Calculate q(t).
9
Let l(m) = -m**2 - 7*m + 40. Let z be (-1952)/(-366) + -1 + (-4)/(-6). Calculate l(z).
-20
Let w(c) = c**3 - 8*c**2 - 11*c + 12. Let s be 2*-1 - (-8)/4. Suppose s = 6*r - 61 + 7. What is w(r)?
-6
Let v(d) = -11*d**2 + 8*d - 224. Let b(s) = -24*s**2 + 26*s - 449. Let c(g) = 5*b(g) - 11*v(g). What is c(-6)?
3
Let w be (8/(-12))/(2 - 35/15). Let i(t) = 1 + 0 - 299*t**2 + 300*t**w + t + t**3. What is i(-1)?
0
Let t(u) = -2*u. Let q(a) = -11*a + 529. Let l be q(48). Give t(l).
-2
Let b(k) be the first derivative of -k**4/12 - 11*k**3/6 + 39*k**2 + 91. Let n(w) be the second derivative of b(w). Give n(-9).
7
Let w(g) = -7 + 7 - g. Suppose 5*i - 27 = -4*i. Suppose 0 = -4*n + 4*a + 19 - i, -a + 10 = n. Calculate w(n).
-7
Suppose 3*j = 25 - 19. Suppose 5 = 5*c, 4*c - 8 = 2*h + j*c. Let a(u) = u**2 + u - 3. Give a(h).
3
Let z(w) = -w**3 + 5*w**2 + 5*w. Let a = 1443 - 716. Let g = a - 723. Give z(g).
36
Let q(n) = 2*n**2 + 17*n - 2. Suppose 3*r + 26 = o, 42*o - 40*o = -r - 4. Calculate q(r).
-10
Let n(q) = 5*q**2 - 37*q + 8. Let u(z) = 6*z**2 - 44*z + 7. Let f(g) = 7*n(g) - 6*u(g). Determine f(7).
0
Let j(p) be the second derivative of 0 + 1/12*p**4 - 27*p + 31/6*p**3 - 25/2*p**2. Let c be j(-32). Let g(u) = u**2 - 8*u. Calculate g(c).
-7
Let y(p) be the first derivative of -p**4/4 - 14*p**3/3 + 9*p**2 + 51*p + 291. Determine y(-15).
6
Let o(m) be the first derivative of -m**2 + 17*m - 725. Calculate o(-7).
31
Let w = -103 + 99. Let u(k) = 13*k + 38. Let t(p) = -6*p - 19. Let l(c) = w*u(c) - 9*t(c). Calculate l(-13).
-7
Let c(a) = a**2 + 8*a. Let l(n) = -2*n + 25. Let u be l(10). Suppose -u = -2*y + 1. Suppose y = -3*x - 21. What is c(x)?
0
Let g(z) = -10*z - 2. Let k(a) = a - 6. Let i be k(9). Suppose -1 = -5*r + 2*t, i*r + 10 - 7 = 3*t. What is g(r)?
-12
Suppose r + 2*r + 1545 = 0. Let o = -505 - r. Let n(m) = 5*m - 9. Determine n(o).
41
Suppose -3*a - 3 = -9. Let p(r) = a*r**2 + 5*r**3 + 2*r - 11*r**3 + 10*r**3 - 2 + 3. Let i(k) = -k**2 - 16*k - 16. L